{"id":204,"date":"2017-03-30T21:03:38","date_gmt":"2017-03-30T19:03:38","guid":{"rendered":"http:\/\/localhost\/haftis-shop\/?post_type=product&#038;p=204"},"modified":"2022-12-03T10:49:20","modified_gmt":"2022-12-03T09:49:20","slug":"recznik-kapielowy-70x140cm-z-glowami-koni-wyhaftowane-twoje-imie","status":"publish","type":"product","link":"https:\/\/haftis.pl\/sklep\/produkt\/recznik-kapielowy-70x140cm-z-glowami-koni-wyhaftowane-twoje-imie\/","title":{"rendered":"R\u0119cznik k\u0105pielowy 70x140cm z g\u0142owami koni + wyhaftowane Twoje imi\u0119"},"content":{"rendered":"<h3>\u015awietny prezent dla wielbicieli koni<\/h3>\n<p><strong>Ekskluzywne r\u0119czniki<\/strong> o puszystym i mi\u0119kkim wyko\u0144czeniu.<br \/>\nIch gramatura to <strong>550 g\/m\u00b2<\/strong> , wykonane w 100% z najwy\u017cszej jako\u015bci bawe\u0142ny, cz\u0119sto <strong>wybierane przez hotele i o\u015brodki Spa<\/strong>.<\/p>\n<p>Idealnie nadaj\u0105 si\u0119 do <strong>codziennego u\u017cytku<\/strong>, nie farbuj\u0105 i wspaniale wch\u0142aniaj\u0105 wod\u0119,<strong> nawet po wielu praniach s\u0105 jak nowe<\/strong>.<\/p>\n<p>Hafty zostan\u0105 wykonane na profesjonalnej <strong>maszynie haftuj\u0105cej JANOME MB-4S,<\/strong> oraz u\u017cyjemy nici <strong>Madeira<\/strong> co daje <strong>gwarancj\u0119 najwy\u017cszej jako\u015bci haftu<\/strong>.<\/p>\n","protected":false},"excerpt":{"rendered":"<p>\u015awietny prezent dla wielbicieli koni Ekskluzywne r\u0119czniki o puszystym i mi\u0119kkim wyko\u0144czeniu. Ich gramatura to 550 g\/m\u00b2 , wykonane w 100% z najwy\u017cszej jako\u015bci bawe\u0142ny, cz\u0119sto wybierane przez hotele i o\u015brodki Spa. Idealnie nadaj\u0105 si\u0119 do codziennego u\u017cytku, nie farbuj\u0105 i wspaniale wch\u0142aniaj\u0105 wod\u0119, nawet po wielu praniach s\u0105 jak nowe. Hafty zostan\u0105 wykonane na [&hellip;]<\/p>\n","protected":false},"featured_media":205,"comment_status":"open","ping_status":"closed","template":"","meta":[],"product_cat":[11,72,96,77,78,75,74,73,76,81,66,18,68,24,12],"product_tag":[228,176,178,179,172,175,154,7],"class_list":["post-204","product","type-product","status-publish","has-post-thumbnail","hentry","product_cat-reczniki","product_cat-dla-kogo","product_cat-dla-dziecka","product_cat-dla-babci","product_cat-dla-dziadka","product_cat-dla-mamy","product_cat-dla-niego","product_cat-dla-niej","product_cat-dla-taty","product_cat-podziekowania","product_cat-okazjonalne","product_cat-dla-dzieci","product_cat-urodziny-imieniny","product_cat-reczniki-dla-dzieci","product_cat-reczniki-kapielowe","product_tag-dla-wielbicieli-koni","product_tag-dla-fanow-zwierzat","product_tag-dla-dziecka","product_tag-dla-dzieci","product_tag-70x140cm","product_tag-na-prezent","product_tag-recznik-z-haftem","product_tag-recznik-kapielowy","tm-has-options","wcspt-has-gallery"],"_links":{"self":[{"href":"https:\/\/haftis.pl\/sklep\/wp-json\/wp\/v2\/product\/204"}],"collection":[{"href":"https:\/\/haftis.pl\/sklep\/wp-json\/wp\/v2\/product"}],"about":[{"href":"https:\/\/haftis.pl\/sklep\/wp-json\/wp\/v2\/types\/product"}],"replies":[{"embeddable":true,"href":"https:\/\/haftis.pl\/sklep\/wp-json\/wp\/v2\/comments?post=204"}],"wp:featuredmedia":[{"embeddable":true,"href":"https:\/\/haftis.pl\/sklep\/wp-json\/wp\/v2\/media\/205"}],"wp:attachment":[{"href":"https:\/\/haftis.pl\/sklep\/wp-json\/wp\/v2\/media?parent=204"}],"wp:term":[{"taxonomy":"product_cat","embeddable":true,"href":"https:\/\/haftis.pl\/sklep\/wp-json\/wp\/v2\/product_cat?post=204"},{"taxonomy":"product_tag","embeddable":true,"href":"https:\/\/haftis.pl\/sklep\/wp-json\/wp\/v2\/product_tag?post=204"}],"curies":[{"name":"wp","href":"https:\/\/api.w.org\/{rel}","templated":true}]}}