{"id":252,"date":"2017-03-30T22:15:42","date_gmt":"2017-03-30T20:15:42","guid":{"rendered":"http:\/\/localhost\/haftis-shop\/?post_type=product&#038;p=252"},"modified":"2021-09-15T18:16:31","modified_gmt":"2021-09-15T16:16:31","slug":"recznik-do-rak-50x100cm-najfajnijesza-kobieta-na-swiecie","status":"publish","type":"product","link":"https:\/\/haftis.pl\/sklep\/produkt\/recznik-do-rak-50x100cm-najfajnijesza-kobieta-na-swiecie\/","title":{"rendered":"R\u0119cznik do r\u0105k 50x100cm z wyhaftowanym wzorem i zapisem &#8220;Najfajniejsza kobieta na \u015bwiecie&#8221;"},"content":{"rendered":"<h3>\u015awietny prezent dla kobiety<\/h3>\n<p><strong>Ekskluzywne r\u0119czniki<\/strong> o puszystym i mi\u0119kkim wyko\u0144czeniu.<br \/>\nIch gramatura to <strong>550 g\/m\u00b2<\/strong> , wykonane w 100% z najwy\u017cszej jako\u015bci bawe\u0142ny, cz\u0119sto <strong>wybierane przez hotele i o\u015brodki Spa<\/strong>.<\/p>\n<p>Idealnie nadaj\u0105 si\u0119 do <strong>codziennego u\u017cytku<\/strong>, nie farbuj\u0105 i wspaniale wch\u0142aniaj\u0105 wod\u0119,<strong> nawet po wielu praniach s\u0105 jak nowe<\/strong>.<\/p>\n<p>Hafty zostan\u0105 wykonane na profesjonalnej <strong>maszynie haftuj\u0105cej JANOME MB-4S,<\/strong> oraz u\u017cyjemy nici <strong>Madeira<\/strong> co daje <strong>gwarancj\u0119 najwy\u017cszej jako\u015bci haftu<\/strong>.<\/p>\n","protected":false},"excerpt":{"rendered":"<p>\u015awietny prezent dla kobiety Ekskluzywne r\u0119czniki o puszystym i mi\u0119kkim wyko\u0144czeniu. Ich gramatura to 550 g\/m\u00b2 , wykonane w 100% z najwy\u017cszej jako\u015bci bawe\u0142ny, cz\u0119sto wybierane przez hotele i o\u015brodki Spa. Idealnie nadaj\u0105 si\u0119 do codziennego u\u017cytku, nie farbuj\u0105 i wspaniale wch\u0142aniaj\u0105 wod\u0119, nawet po wielu praniach s\u0105 jak nowe. Hafty zostan\u0105 wykonane na profesjonalnej [&hellip;]<\/p>\n","protected":false},"featured_media":1561,"comment_status":"open","ping_status":"closed","template":"","meta":[],"product_cat":[290,11,72,73,66,14],"product_tag":[203,204,194,175,154,8],"class_list":["post-252","product","type-product","status-publish","has-post-thumbnail","hentry","product_cat-dzien-kobiet","product_cat-reczniki","product_cat-dla-kogo","product_cat-dla-niej","product_cat-okazjonalne","product_cat-reczniki-do-rak","product_tag-dla-kobiety","product_tag-dla-dziewczyny","product_tag-50x100cm","product_tag-na-prezent","product_tag-recznik-z-haftem","product_tag-recznik-do-rak","tm-has-options","wcspt-has-gallery"],"_links":{"self":[{"href":"https:\/\/haftis.pl\/sklep\/wp-json\/wp\/v2\/product\/252"}],"collection":[{"href":"https:\/\/haftis.pl\/sklep\/wp-json\/wp\/v2\/product"}],"about":[{"href":"https:\/\/haftis.pl\/sklep\/wp-json\/wp\/v2\/types\/product"}],"replies":[{"embeddable":true,"href":"https:\/\/haftis.pl\/sklep\/wp-json\/wp\/v2\/comments?post=252"}],"wp:featuredmedia":[{"embeddable":true,"href":"https:\/\/haftis.pl\/sklep\/wp-json\/wp\/v2\/media\/1561"}],"wp:attachment":[{"href":"https:\/\/haftis.pl\/sklep\/wp-json\/wp\/v2\/media?parent=252"}],"wp:term":[{"taxonomy":"product_cat","embeddable":true,"href":"https:\/\/haftis.pl\/sklep\/wp-json\/wp\/v2\/product_cat?post=252"},{"taxonomy":"product_tag","embeddable":true,"href":"https:\/\/haftis.pl\/sklep\/wp-json\/wp\/v2\/product_tag?post=252"}],"curies":[{"name":"wp","href":"https:\/\/api.w.org\/{rel}","templated":true}]}}