{"id":314,"date":"2017-04-01T17:38:13","date_gmt":"2017-04-01T15:38:13","guid":{"rendered":"http:\/\/localhost\/haftis-shop\/?post_type=product&#038;p=314"},"modified":"2022-10-03T18:52:22","modified_gmt":"2022-10-03T16:52:22","slug":"recznik-do-rak-50x100cm-z-wyhaftowanymi-serduszkami-i-napisem-kocham-cie","status":"publish","type":"product","link":"https:\/\/haftis.pl\/sklep\/produkt\/recznik-do-rak-50x100cm-z-wyhaftowanymi-serduszkami-i-napisem-kocham-cie\/","title":{"rendered":"R\u0119cznik do r\u0105k 50x100cm z wyhaftowanymi serduszkami i napisem &#8220;Kocham Ci\u0119&#8221;"},"content":{"rendered":"<h3>\u015awietny prezent dla zakochanych<\/h3>\n<p><strong>Ekskluzywne r\u0119czniki<\/strong> o puszystym i mi\u0119kkim wyko\u0144czeniu.<br \/>\nIch gramatura to <strong>550 g\/m\u00b2<\/strong> , wykonane w 100% z najwy\u017cszej jako\u015bci bawe\u0142ny, cz\u0119sto <strong>wybierane przez hotele i o\u015brodki Spa<\/strong>.<\/p>\n<p>Idealnie nadaj\u0105 si\u0119 do <strong>codziennego u\u017cytku<\/strong>, nie farbuj\u0105 i wspaniale wch\u0142aniaj\u0105 wod\u0119,<strong> nawet po wielu praniach s\u0105 jak nowe<\/strong>.<\/p>\n<p>Hafty zostan\u0105 wykonane na profesjonalnej <strong>maszynie haftuj\u0105cej JANOME MB-4S,<\/strong> oraz u\u017cyjemy nici <strong>Madeira<\/strong> co daje <strong>gwarancj\u0119 najwy\u017cszej jako\u015bci haftu<\/strong>.<\/p>\n","protected":false},"excerpt":{"rendered":"<p>\u015awietny prezent dla zakochanych Ekskluzywne r\u0119czniki o puszystym i mi\u0119kkim wyko\u0144czeniu. Ich gramatura to 550 g\/m\u00b2 , wykonane w 100% z najwy\u017cszej jako\u015bci bawe\u0142ny, cz\u0119sto wybierane przez hotele i o\u015brodki Spa. Idealnie nadaj\u0105 si\u0119 do codziennego u\u017cytku, nie farbuj\u0105 i wspaniale wch\u0142aniaj\u0105 wod\u0119, nawet po wielu praniach s\u0105 jak nowe. Hafty zostan\u0105 wykonane na profesjonalnej [&hellip;]<\/p>\n","protected":false},"featured_media":631,"comment_status":"open","ping_status":"closed","template":"","meta":[],"product_cat":[291,11,72,77,78,75,74,73,76,66,71,14],"product_tag":[243,244,245,194,154,8],"class_list":["post-314","product","type-product","status-publish","has-post-thumbnail","hentry","product_cat-walentynki","product_cat-reczniki","product_cat-dla-kogo","product_cat-dla-babci","product_cat-dla-dziadka","product_cat-dla-mamy","product_cat-dla-niego","product_cat-dla-niej","product_cat-dla-taty","product_cat-okazjonalne","product_cat-jubileusze-rocznice","product_cat-reczniki-do-rak","product_tag-dla-zakochanych","product_tag-walentynki","product_tag-milosne","product_tag-50x100cm","product_tag-recznik-z-haftem","product_tag-recznik-do-rak","tm-has-options"],"_links":{"self":[{"href":"https:\/\/haftis.pl\/sklep\/wp-json\/wp\/v2\/product\/314"}],"collection":[{"href":"https:\/\/haftis.pl\/sklep\/wp-json\/wp\/v2\/product"}],"about":[{"href":"https:\/\/haftis.pl\/sklep\/wp-json\/wp\/v2\/types\/product"}],"replies":[{"embeddable":true,"href":"https:\/\/haftis.pl\/sklep\/wp-json\/wp\/v2\/comments?post=314"}],"wp:featuredmedia":[{"embeddable":true,"href":"https:\/\/haftis.pl\/sklep\/wp-json\/wp\/v2\/media\/631"}],"wp:attachment":[{"href":"https:\/\/haftis.pl\/sklep\/wp-json\/wp\/v2\/media?parent=314"}],"wp:term":[{"taxonomy":"product_cat","embeddable":true,"href":"https:\/\/haftis.pl\/sklep\/wp-json\/wp\/v2\/product_cat?post=314"},{"taxonomy":"product_tag","embeddable":true,"href":"https:\/\/haftis.pl\/sklep\/wp-json\/wp\/v2\/product_tag?post=314"}],"curies":[{"name":"wp","href":"https:\/\/api.w.org\/{rel}","templated":true}]}}